{"id":1653,"date":"2022-08-19T06:39:35","date_gmt":"2022-08-19T06:39:35","guid":{"rendered":"https:\/\/arslibera.com\/galleria-kuopio\/?page_id=1653"},"modified":"2026-02-13T09:05:31","modified_gmt":"2026-02-13T09:05:31","slug":"ajankohtaista","status":"publish","type":"page","link":"https:\/\/arslibera.com\/galleria-kuopio\/ajankohtaista\/","title":{"rendered":"Ajankohtaista"},"content":{"rendered":"\t\t<div data-elementor-type=\"wp-page\" data-elementor-id=\"1653\" class=\"elementor elementor-1653\">\n\t\t\t\t\t\t\t\t\t<section class=\"elementor-section elementor-top-section elementor-element elementor-element-2685901 elementor-section-height-min-height elementor-section-boxed elementor-section-height-default elementor-section-items-middle\" data-id=\"2685901\" data-element_type=\"section\" data-settings=\"{&quot;background_background&quot;:&quot;classic&quot;}\">\n\t\t\t\t\t\t\t<div class=\"elementor-background-overlay\"><\/div>\n\t\t\t\t\t\t\t<div class=\"elementor-container elementor-column-gap-default\">\n\t\t\t\t\t<div class=\"elementor-column elementor-col-100 elementor-top-column elementor-element elementor-element-f3d0e0f\" data-id=\"f3d0e0f\" data-element_type=\"column\">\n\t\t\t<div class=\"elementor-widget-wrap\">\n\t\t\t\t\t\t\t\t\t<\/div>\n\t\t<\/div>\n\t\t\t\t\t\t\t<\/div>\n\t\t<\/section>\n\t\t\t\t<section class=\"elementor-section elementor-top-section elementor-element elementor-element-3acb5f3 elementor-section-boxed elementor-section-height-default elementor-section-height-default\" data-id=\"3acb5f3\" data-element_type=\"section\">\n\t\t\t\t\t\t<div class=\"elementor-container elementor-column-gap-default\">\n\t\t\t\t\t<div class=\"elementor-column elementor-col-100 elementor-top-column elementor-element elementor-element-8dd6bff\" data-id=\"8dd6bff\" data-element_type=\"column\">\n\t\t\t<div class=\"elementor-widget-wrap elementor-element-populated\">\n\t\t\t\t\t\t\t\t<div class=\"elementor-element elementor-element-f00e082 elementor-widget elementor-widget-text-editor\" data-id=\"f00e082\" data-element_type=\"widget\" data-widget_type=\"text-editor.default\">\n\t\t\t\t<div class=\"elementor-widget-container\">\n\t\t\t<style>\/*! elementor - v3.6.8 - 27-07-2022 *\/\n.elementor-widget-text-editor.elementor-drop-cap-view-stacked .elementor-drop-cap{background-color:#818a91;color:#fff}.elementor-widget-text-editor.elementor-drop-cap-view-framed .elementor-drop-cap{color:#818a91;border:3px solid;background-color:transparent}.elementor-widget-text-editor:not(.elementor-drop-cap-view-default) .elementor-drop-cap{margin-top:8px}.elementor-widget-text-editor:not(.elementor-drop-cap-view-default) .elementor-drop-cap-letter{width:1em;height:1em}.elementor-widget-text-editor .elementor-drop-cap{float:left;text-align:center;line-height:1;font-size:50px}.elementor-widget-text-editor .elementor-drop-cap-letter{display:inline-block}<\/style>\t\t\t\t<p><strong>OPEN CALL &#8211; N\u00c4YTTELYHAKU KAUDELLE 2026-2027 ON P\u00c4\u00c4TTYNYT &#8211; SEURAAVA HAKUAIKA ON MARRASKUUSSA 2026<\/strong><\/p><p>(Scroll down for English)<\/p><p>\u00a0<\/p><p><span style=\"font-weight: 400;\">GalleriA on Kuopion Kuvataiteilijat ry Ars Liberan ja KUMMAn yhteisty\u00f6galleria, joka sijaitsee taidemuseon tiloissa.<\/span><\/p><p><span style=\"font-weight: 400;\">Galleria esittelee uutta pohjoissavolaista tai Pohjois-Savoon linkittyv\u00e4\u00e4 kuvataidetta ammattitaiteilijoilta. N\u00e4yttelyaika on p\u00e4\u00e4s\u00e4\u00e4nt\u00f6isesti kaksi kuukautta. Galleria soveltuu hyvin seinille ripustettaville ja jalustalle asetettaville teoksille, ja mediataiteelle.<\/span><\/p><p><span style=\"font-weight: 400;\">\u00a0<\/span><\/p><p><span style=\"font-weight: 400;\">Neli\u00f6it\u00e4\u00e4n avarampi galleria koostuu p\u00e4\u00e4tilasta (23,5 m2) ja holvista (7 m2), joista kumpikin on h\u00e4mm\u00e4rrett\u00e4viss\u00e4. Holvin akustiikka sopii erityisesti \u00e4\u00e4niteoksille. GalleriA:n varustukseen kuuluu mm. ikkunasein\u00e4n peitt\u00e4v\u00e4 valkokangas ja projektori. Kattoon ei saa ripustaa.<\/span><\/p><p><span style=\"font-weight: 400;\">\u00a0<\/span><\/p><p><span style=\"font-weight: 400;\">Galleria on n\u00e4yttelyvuokraton ja teosten v\u00e4litysmyynti tapahtuu KUMMAn kautta. Myyntiprovisio on 10%.<\/span><\/p><p><span style=\"font-weight: 400;\">\u00a0<\/span><\/p><p><b>Ehdota n\u00e4yttelykokonaisuutta ajalle 10\/2026 \u2013 07\/2027 (kausi alkaa vko 44<\/b><b>)<\/b><\/p><p><span style=\"color: #ff0000;\"><b>HUOM! L\u00e4het\u00e4 hakemus yhten\u00e4 pdf-tiedostona (max. 10MB).<\/b><\/span><\/p><p><b>Hakemus koostuu:<\/b><span style=\"font-weight: 400;\"><br \/><\/span><span style=\"font-weight: 400;\">\u2013 Hakijan yhteystiedot: etu- ja sukunimi, puhelinnro., s-posti. Taiteilijaryhm\u00e4ll\u00e4 on oltava yhteyshenkil\u00f6.<\/span><span style=\"font-weight: 400;\"><br \/><\/span><span style=\"font-weight: 400;\">\u2013 N\u00e4yttelykokonaisuuden esittely<\/span><span style=\"font-weight: 400;\"><br \/><\/span><span style=\"font-weight: 400;\">\u2013 Toivottu ajankohta<\/span><span style=\"font-weight: 400;\"><br \/><\/span><span style=\"font-weight: 400;\">\u2013 Ehdotusta tukeva kuva-aineisto. Jos ehdotuksesi sis\u00e4lt\u00e4\u00e4 liikkuvaa kuvaa, liit\u00e4 videolinkki hakemukseesi.<\/span><span style=\"font-weight: 400;\"><br \/><\/span><span style=\"font-weight: 400;\">\u2013 Ansioluettelo<\/span><\/p><p><b><span style=\"font-weight: 400;\">\u2013 <\/span>Esittele hakemuksessasi yhteytesi Pohjois-Savon alueeseen.<\/b><\/p><p><span style=\"font-weight: 400;\">Nime\u00e4 tiedosto etunimi-sukunimi-hakemus-yhteisty\u00f6galleria.pdf<\/span><span style=\"font-weight: 400;\"><br \/><\/span><span style=\"font-weight: 400;\">Hakemukset voi kirjoittaa suomeksi tai englanniksi.<\/span><\/p><p><span style=\"font-weight: 400;\">\u00a0<\/span><b><br \/><\/b><b>L\u00e4het\u00e4 hakemus 30.11.2025 (23:59 Suomen aikaa) menness\u00e4 osoitteeseen:<\/b><b><br \/><\/b><b>galleria.kuopio(at)gmail.com<\/b><\/p><p><span style=\"font-weight: 400;\">\u00a0<\/span><\/p><p>LIS\u00c4TIETOA \/ GalleriA:n pohjapiirros, valokuvia ja virtuaalikierros l\u00f6ytyv\u00e4t sivulta <a href=\"https:\/\/arslibera.com\/galleria-kuopio\/taiteilijoille\/\">Taiteilijalle<\/a>.<\/p><p><span style=\"font-weight: 400;\">\/\/ENG<\/span><\/p><p><span style=\"font-weight: 400;\">\u00a0<\/span><\/p><p><b>Open call for Ars Libera and KUMMA co-operative Gallery \u2013<\/b><b><br \/><\/b><b>GalleriA \/ Season 2026\u20132027 IS ENDED<\/b><\/p><p>\u00a0<\/p><p><span style=\"font-weight: 400;\">Gallery presents new professional North Savonian contemporary art and contemporary art <\/span><span style=\"font-weight: 400;\">that is some how linked in North Savonia.<\/span> <span style=\"font-weight: 400;\">Exhibition time is primarily two months.<\/span><\/p><p><span style=\"font-weight: 400;\">\u00a0<\/span><\/p><p><span style=\"font-weight: 400;\">The new gallery is suitable for artwork that is to be hung on the wall or set on a pedestal and for new media art. Gallery includes two spaces, the main room (23,5 m2) and the vault (7 m2). In the vault attaching artwork straight to the wall is not possible.<\/span><\/p><p><span style=\"font-weight: 400;\">\u00a0<\/span><\/p><p><span style=\"font-weight: 400;\">Ars Libera and KUMMA do not charge rent for the exhibitions they host. Transactions of the artwork are done via the KUMMA. Selling commission is 10%.<\/span><\/p><p><span style=\"font-weight: 400;\">\u00a0<\/span><\/p><p><b>Propose an exhibition time inside period 10\/2026 \u2013 07\/2027 <\/b><b>(Starting week 44)<\/b><b><br \/><\/b><b><\/b><\/p><p><span style=\"color: #ff00ff;\"><b>Send application as a single pdf file (pdf, max. 10MB).<\/b><\/span><\/p><p><b>Application consists of:<\/b><span style=\"font-weight: 400;\"><br \/><\/span><span style=\"font-weight: 400;\">\u2013 Contact details of the applicant: first and last name, telephone, e-mail. Artist group must have a contact person.<\/span><span style=\"font-weight: 400;\"><br \/><\/span><span style=\"font-weight: 400;\">\u2013 Exhibition proposal<\/span><span style=\"font-weight: 400;\"><br \/><\/span><span style=\"font-weight: 400;\">\u2013 Exhibition time preferred<\/span><span style=\"font-weight: 400;\"><br \/><\/span><span style=\"font-weight: 400;\">\u2013 Supporting image material. If your suggestion contains a moving image, attach a video link to your application.<\/span><span style=\"font-weight: 400;\"><br \/><\/span><span style=\"font-weight: 400;\">\u2013 A curriculum vitae<\/span><\/p><p><span style=\"font-weight: 400;\">\u2013 <\/span><b>Open your own or your exhibitions North Savonia connections in your application.<\/b><\/p><p><b><br \/><\/b><b>Please name the file in the style of: <\/b><\/p><p><span style=\"font-weight: 400;\">firstname-lastname-application-co-gallery.pdf<\/span><\/p><p><span style=\"font-weight: 400;\">Applications can be written in Finnish or English.<\/span><\/p><p><span style=\"font-weight: 400;\">\u00a0<\/span><\/p><p><b>The deadline is 30.11.2025 (23:59 Finnish time).<\/b><b><br \/><\/b><b>Submit your proposal to: <\/b><b>galleria.kuopio(at)gmail.com<\/b><\/p><p>MORE INFORMATION \/ Floor plan, photos and virtual round are here: <a href=\"https:\/\/arslibera.com\/galleria-kuopio\/taiteilijoille\/\">Taiteilijalle<\/a>.\u00a0<\/p><p>Kuva \/ Photo : Jaana J\u00e4\u00e4skel\u00e4inen, Kuopion taidemuseo<\/p>\t\t\t\t\t\t<\/div>\n\t\t\t\t<\/div>\n\t\t\t\t\t<\/div>\n\t\t<\/div>\n\t\t\t\t\t\t\t<\/div>\n\t\t<\/section>\n\t\t\t\t\t\t\t<\/div>\n\t\t","protected":false},"excerpt":{"rendered":"<p>OPEN CALL &#8211; N\u00c4YTTELYHAKU KAUDELLE 2026-2027 ON P\u00c4\u00c4TTYNYT &#8211; SEURAAVA HAKUAIKA ON MARRASKUUSSA 2026 (Scroll down for English) \u00a0 GalleriA on Kuopion Kuvataiteilijat ry Ars Liberan ja KUMMAn yhteisty\u00f6galleria, joka sijaitsee taidemuseon tiloissa. Galleria esittelee uutta pohjoissavolaista tai Pohjois-Savoon linkittyv\u00e4\u00e4 kuvataidetta ammattitaiteilijoilta. N\u00e4yttelyaika on p\u00e4\u00e4s\u00e4\u00e4nt\u00f6isesti kaksi kuukautta. Galleria soveltuu hyvin seinille ripustettaville ja jalustalle asetettaville &hellip;<\/p>\n<p class=\"read-more\"> <a class=\"\" href=\"https:\/\/arslibera.com\/galleria-kuopio\/ajankohtaista\/\"> <span class=\"screen-reader-text\">Ajankohtaista<\/span> Lue lis\u00e4\u00e4 &raquo;<\/a><\/p>\n","protected":false},"author":1,"featured_media":0,"parent":0,"menu_order":0,"comment_status":"closed","ping_status":"closed","template":"","meta":{"site-sidebar-layout":"no-sidebar","site-content-layout":"page-builder","ast-global-header-display":"","ast-main-header-display":"","ast-hfb-above-header-display":"","ast-hfb-below-header-display":"","ast-hfb-mobile-header-display":"","site-post-title":"disabled","ast-breadcrumbs-content":"","ast-featured-img":"disabled","footer-sml-layout":"","theme-transparent-header-meta":"","adv-header-id-meta":"","stick-header-meta":"","header-above-stick-meta":"","header-main-stick-meta":"","header-below-stick-meta":""},"_links":{"self":[{"href":"https:\/\/arslibera.com\/galleria-kuopio\/wp-json\/wp\/v2\/pages\/1653"}],"collection":[{"href":"https:\/\/arslibera.com\/galleria-kuopio\/wp-json\/wp\/v2\/pages"}],"about":[{"href":"https:\/\/arslibera.com\/galleria-kuopio\/wp-json\/wp\/v2\/types\/page"}],"author":[{"embeddable":true,"href":"https:\/\/arslibera.com\/galleria-kuopio\/wp-json\/wp\/v2\/users\/1"}],"replies":[{"embeddable":true,"href":"https:\/\/arslibera.com\/galleria-kuopio\/wp-json\/wp\/v2\/comments?post=1653"}],"version-history":[{"count":93,"href":"https:\/\/arslibera.com\/galleria-kuopio\/wp-json\/wp\/v2\/pages\/1653\/revisions"}],"predecessor-version":[{"id":2580,"href":"https:\/\/arslibera.com\/galleria-kuopio\/wp-json\/wp\/v2\/pages\/1653\/revisions\/2580"}],"wp:attachment":[{"href":"https:\/\/arslibera.com\/galleria-kuopio\/wp-json\/wp\/v2\/media?parent=1653"}],"curies":[{"name":"wp","href":"https:\/\/api.w.org\/{rel}","templated":true}]}}

<div data-elementor-type="wp-page" data-elementor-id="1653" class="elementor elementor-1653">
									<section class="elementor-section elementor-top-section elementor-element elementor-element-2685901 elementor-section-height-min-height elementor-section-boxed elementor-section-height-default elementor-section-items-middle" data-id="2685901" data-element_type="section" data-settings="{&quot;background_background&quot;:&quot;classic&quot;}">
							<div class="elementor-background-overlay"></div>
							<div class="elementor-container elementor-column-gap-default">
					<div class="elementor-column elementor-col-100 elementor-top-column elementor-element elementor-element-f3d0e0f" data-id="f3d0e0f" data-element_type="column">
			<div class="elementor-widget-wrap">
									</div>
		</div>
							</div>
		</section>
				<section class="elementor-section elementor-top-section elementor-element elementor-element-3acb5f3 elementor-section-boxed elementor-section-height-default elementor-section-height-default" data-id="3acb5f3" data-element_type="section">
						<div class="elementor-container elementor-column-gap-default">
					<div class="elementor-column elementor-col-100 elementor-top-column elementor-element elementor-element-8dd6bff" data-id="8dd6bff" data-element_type="column">
			<div class="elementor-widget-wrap elementor-element-populated">
								<div class="elementor-element elementor-element-f00e082 elementor-widget elementor-widget-text-editor" data-id="f00e082" data-element_type="widget" data-widget_type="text-editor.default">
				<div class="elementor-widget-container">
			<style>/*! elementor - v3.6.8 - 27-07-2022 */
.elementor-widget-text-editor.elementor-drop-cap-view-stacked .elementor-drop-cap{background-color:#818a91;color:#fff}.elementor-widget-text-editor.elementor-drop-cap-view-framed .elementor-drop-cap{color:#818a91;border:3px solid;background-color:transparent}.elementor-widget-text-editor:not(.elementor-drop-cap-view-default) .elementor-drop-cap{margin-top:8px}.elementor-widget-text-editor:not(.elementor-drop-cap-view-default) .elementor-drop-cap-letter{width:1em;height:1em}.elementor-widget-text-editor .elementor-drop-cap{float:left;text-align:center;line-height:1;font-size:50px}.elementor-widget-text-editor .elementor-drop-cap-letter{display:inline-block}</style>				<p><strong>OPEN CALL &#8211; NÄYTTELYHAKU KAUDELLE 2026-2027 ON PÄÄTTYNYT &#8211; SEURAAVA HAKUAIKA ON MARRASKUUSSA 2026</strong></p><p>(Scroll down for English)</p><p> </p><p><span style="font-weight: 400;">GalleriA on Kuopion Kuvataiteilijat ry Ars Liberan ja KUMMAn yhteistyögalleria, joka sijaitsee taidemuseon tiloissa.</span></p><p><span style="font-weight: 400;">Galleria esittelee uutta pohjoissavolaista tai Pohjois-Savoon linkittyvää kuvataidetta ammattitaiteilijoilta. Näyttelyaika on pääsääntöisesti kaksi kuukautta. Galleria soveltuu hyvin seinille ripustettaville ja jalustalle asetettaville teoksille, ja mediataiteelle.</span></p><p><span style="font-weight: 400;"> </span></p><p><span style="font-weight: 400;">Neliöitään avarampi galleria koostuu päätilasta (23,5 m2) ja holvista (7 m2), joista kumpikin on hämmärrettävissä. Holvin akustiikka sopii erityisesti ääniteoksille. GalleriA:n varustukseen kuuluu mm. ikkunaseinän peittävä valkokangas ja projektori. Kattoon ei saa ripustaa.</span></p><p><span style="font-weight: 400;"> </span></p><p><span style="font-weight: 400;">Galleria on näyttelyvuokraton ja teosten välitysmyynti tapahtuu KUMMAn kautta. Myyntiprovisio on 10%.</span></p><p><span style="font-weight: 400;"> </span></p><p><b>Ehdota näyttelykokonaisuutta ajalle 10/2026 – 07/2027 (kausi alkaa vko 44</b><b>)</b></p><p><span style="color: #ff0000;"><b>HUOM! Lähetä hakemus yhtenä pdf-tiedostona (max. 10MB).</b></span></p><p><b>Hakemus koostuu:</b><span style="font-weight: 400;"><br /></span><span style="font-weight: 400;">– Hakijan yhteystiedot: etu- ja sukunimi, puhelinnro., s-posti. Taiteilijaryhmällä on oltava yhteyshenkilö.</span><span style="font-weight: 400;"><br /></span><span style="font-weight: 400;">– Näyttelykokonaisuuden esittely</span><span style="font-weight: 400;"><br /></span><span style="font-weight: 400;">– Toivottu ajankohta</span><span style="font-weight: 400;"><br /></span><span style="font-weight: 400;">– Ehdotusta tukeva kuva-aineisto. Jos ehdotuksesi sisältää liikkuvaa kuvaa, liitä videolinkki hakemukseesi.</span><span style="font-weight: 400;"><br /></span><span style="font-weight: 400;">– Ansioluettelo</span></p><p><b><span style="font-weight: 400;">– </span>Esittele hakemuksessasi yhteytesi Pohjois-Savon alueeseen.</b></p><p><span style="font-weight: 400;">Nimeä tiedosto etunimi-sukunimi-hakemus-yhteistyögalleria.pdf</span><span style="font-weight: 400;"><br /></span><span style="font-weight: 400;">Hakemukset voi kirjoittaa suomeksi tai englanniksi.</span></p><p><span style="font-weight: 400;"> </span><b><br /></b><b>Lähetä hakemus 30.11.2025 (23:59 Suomen aikaa) mennessä osoitteeseen:</b><b><br /></b><b>galleria.kuopio(at)gmail.com</b></p><p><span style="font-weight: 400;"> </span></p><p>LISÄTIETOA / GalleriA:n pohjapiirros, valokuvia ja virtuaalikierros löytyvät sivulta <a href="https://arslibera.com/galleria-kuopio/taiteilijoille/">Taiteilijalle</a>.</p><p><span style="font-weight: 400;">//ENG</span></p><p><span style="font-weight: 400;"> </span></p><p><b>Open call for Ars Libera and KUMMA co-operative Gallery –</b><b><br /></b><b>GalleriA / Season 2026–2027 IS ENDED</b></p><p> </p><p><span style="font-weight: 400;">Gallery presents new professional North Savonian contemporary art and contemporary art </span><span style="font-weight: 400;">that is some how linked in North Savonia.</span> <span style="font-weight: 400;">Exhibition time is primarily two months.</span></p><p><span style="font-weight: 400;"> </span></p><p><span style="font-weight: 400;">The new gallery is suitable for artwork that is to be hung on the wall or set on a pedestal and for new media art. Gallery includes two spaces, the main room (23,5 m2) and the vault (7 m2). In the vault attaching artwork straight to the wall is not possible.</span></p><p><span style="font-weight: 400;"> </span></p><p><span style="font-weight: 400;">Ars Libera and KUMMA do not charge rent for the exhibitions they host. Transactions of the artwork are done via the KUMMA. Selling commission is 10%.</span></p><p><span style="font-weight: 400;"> </span></p><p><b>Propose an exhibition time inside period 10/2026 – 07/2027 </b><b>(Starting week 44)</b><b><br /></b><b></b></p><p><span style="color: #ff00ff;"><b>Send application as a single pdf file (pdf, max. 10MB).</b></span></p><p><b>Application consists of:</b><span style="font-weight: 400;"><br /></span><span style="font-weight: 400;">– Contact details of the applicant: first and last name, telephone, e-mail. Artist group must have a contact person.</span><span style="font-weight: 400;"><br /></span><span style="font-weight: 400;">– Exhibition proposal</span><span style="font-weight: 400;"><br /></span><span style="font-weight: 400;">– Exhibition time preferred</span><span style="font-weight: 400;"><br /></span><span style="font-weight: 400;">– Supporting image material. If your suggestion contains a moving image, attach a video link to your application.</span><span style="font-weight: 400;"><br /></span><span style="font-weight: 400;">– A curriculum vitae</span></p><p><span style="font-weight: 400;">– </span><b>Open your own or your exhibitions North Savonia connections in your application.</b></p><p><b><br /></b><b>Please name the file in the style of: </b></p><p><span style="font-weight: 400;">firstname-lastname-application-co-gallery.pdf</span></p><p><span style="font-weight: 400;">Applications can be written in Finnish or English.</span></p><p><span style="font-weight: 400;"> </span></p><p><b>The deadline is 30.11.2025 (23:59 Finnish time).</b><b><br /></b><b>Submit your proposal to: </b><b>galleria.kuopio(at)gmail.com</b></p><p>MORE INFORMATION / Floor plan, photos and virtual round are here: <a href="https://arslibera.com/galleria-kuopio/taiteilijoille/">Taiteilijalle</a>. </p><p>Kuva / Photo : Jaana Jääskeläinen, Kuopion taidemuseo</p>						</div>
				</div>
					</div>
		</div>
							</div>
		</section>
							</div>

<p>OPEN CALL &#8211; NÄYTTELYHAKU KAUDELLE 2026-2027 ON PÄÄTTYNYT &#8211; SEURAAVA HAKUAIKA ON MARRASKUUSSA 2026 (Scroll down for English)   GalleriA on Kuopion Kuvataiteilijat ry Ars Liberan ja KUMMAn yhteistyögalleria, joka sijaitsee taidemuseon tiloissa. Galleria esittelee uutta pohjoissavolaista tai Pohjois-Savoon linkittyvää kuvataidetta ammattitaiteilijoilta. Näyttelyaika on pääsääntöisesti kaksi kuukautta. Galleria soveltuu hyvin seinille ripustettaville ja jalustalle asetettaville &hellip;</p>
<p class="read-more"> <a class="" href="https://arslibera.com/galleria-kuopio/ajankohtaista/"> <span class="screen-reader-text">Ajankohtaista</span> Lue lisää &raquo;</a></p>
